d = -5*p + p, -l + 7 = p. What are the prime factors of l?
2
Let t(h) = 5 + 3*h - h**3 + 4*h + 4*h**2 - 2*h. Let v be -2 - -2 - -1 - -4. List the prime factors of t(v).
5
Let d = -10 - -15. Suppose 4*y + 3 = 3*c + 2*c, -3 = 2*y - c. Let r = d + y. What are the prime factors of r?
3
Let o(w) be the second derivative of -13*w**5/10 + w**2/2 + 5*w. List the prime factors of o(-1).
3
Suppose 5*d - d - 10 = -5*x, -4*x - d + 19 = 0. What are the prime factors of x?
2, 3
Suppose -z + 4 = 1. Suppose d - 5*d - t + 60 = 0, -4*d + 60 = -z*t. Suppose -2*j - 3 = -3*g - d, -2*j + 2 = 2*g. What are the prime factors of j?
3
Suppose -12*a = -116 - 1228. List the prime factors of a.
2, 7
Let v(g) = g**3 - 5*g**2 + 2*g + 7. Let x be v(6). Suppose -2*r = 3*r - x. What are the prime factors of r?
11
List the prime factors of ((-1304)/(-12))/(2/3).
163
Let t(v) = v**2 - 3*v - 5. Let d be t(5). Suppose -1 = -2*p - d. What are the prime factors of (-3)/(-1)*3 - p?
11
List the prime factors of 52 + -3*(-4)/(-6).
2, 5
Suppose 0 = -r - 2*x - 15, 2*x - 123 = 5*r + 12. Let v = -4 - r. List the prime factors of v.
3, 7
Suppose 0 = -0*v + 2*v - 6. Suppose 2*r + h = -2*r + 12, v*r - 3*h + 6 = 0. List the prime factors of r.
2
Let z(o) = 2*o**3 - 4*o**2 + 5*o. List the prime factors of z(4).
2, 3, 7
Suppose i = -4*s + 11, 5*s - 2*i + 6 = 23. Suppose -10 = -z + y - 31, 0 = -s*y. Let v = 29 + z. What are the prime factors of v?
2
Let m = -662 + 1024. List the prime factors of m.
2, 181
Suppose 54*r - 57*r = -549. What are the prime factors of r?
3, 61
Suppose -k + 0*k + 5 = 0. Let v(x) = x**3 - 5*x**2 + 3*x - 5. What are the prime factors of v(k)?
2, 5
Suppose 3*i - 95 = -5*t, 4*t + 3*i - 8*i = 76. What are the prime factors of t?
19
Let c = 22 - 12. Suppose -2*h + c = 3*h. List the prime factors of h.
2
Let c = 21 + 19. What are the prime factors of c?
2, 5
Suppose -3*a + 96 = 4*r - r, 0 = -3*r - 5*a + 100. List the prime factors of r.
2, 3, 5
Let m(r) = r + 15. Let k be m(-11). Suppose -i + 60 = k*i. List the prime factors of i.
2, 3
Let d(a) = -3*a - 12. Let g be d(-5). Let v = g + -1. List the prime factors of v.
2
Let k(r) = -5 - 3 - 9*r**2 - 6*r + 2*r. Let i(c) = -5*c**2 - 2*c - 4. Let y(h) = -11*i(h) + 6*k(h). List the prime factors of y(4).
2
Let h = -24 - -12. Let t = h - -18. List the prime factors of t.
2, 3
Suppose -n + 225 = 3*n + x, -5*x - 72 = -n. Let j = n - 23. List the prime factors of j.
2, 17
Suppose 4*j + 0*j - i = 18, 0 = -2*j + 2*i + 12. Suppose v - j*v + 15 = 0. Suppose 3*m - 3*y = 33, -v*m + m + 17 = 5*y. What are the prime factors of m?
2
Let s be (0 + 1)/((-2)/(-12)). Let l be 11/s + (-2)/(-12). Let z = 5 - l. List the prime factors of z.
3
Let n(b) = 0 + 5*b**2 - 3*b**2 - 1 - b**2. What are the prime factors of n(4)?
3, 5
Suppose -2*c - 3*x - 13 = 0, -2*x + 13 + 0 = -3*c. Let v = c - -14. List the prime factors of v.
3
Let c(b) = -2*b + 1. Let q be c(-6). Suppose 2*m - 41 = y, -3*y = m - 2*m + q. List the prime factors of m.
2, 11
Suppose -3*k - 9 = 2*b + 6, -2*b + 4*k = -20. Let l = 9 - b. List the prime factors of l.
3
Suppose -2*x = -4*q + 444, 2*q - x - x - 220 = 0. Suppose -7*o + 3*o = -q. List the prime factors of o.
2, 7
Let b(v) = -v**3 + 11*v**2 + 11*v + 4. Let z be b(10). Let y be (-4)/(-16) - z/(-8). Let o = 48 - y. What are the prime factors of o?
3, 7
Suppose -2*u - 2*h = 8, -2*u - 4*h + 1 = 17. Let z = -2 - u. List the prime factors of -6*(-1 - z/(-4)).
3
Let x(u) = 3*u. Let w(j) = -2*j**2 + 25*j. Let s(d) = -3*w(d) + 24*x(d). Let t(f) = f**2 - f + 1. Let l(n) = s(n) - 2*t(n). List the prime factors of l(-2).
2
Let b(t) = -2*t - 5. Suppose 0 = 5*k - 4 - 26. Suppose 5*r = 4*r - k. What are the prime factors of b(r)?
7
Suppose q + 5 + 3 = -4*p, 7 = p - 2*q. What are the prime factors of ((-1)/(-2))/(p/(-26))?
13
List the prime factors of 18 + -16 + (123 - 1).
2, 31
Let d(s) = 2*s**2 + 7*s. Let z be d(-4). Suppose z*j + u = 201, -404 = -5*j - 4*u - 161. What are the prime factors of j?
3, 17
Let d = -20 + 24. Suppose 2*q = 2*i - d + 58, 3*i = -2*q + 34. List the prime factors of q.
23
Suppose f = 0, -2*f - 48 = -3*u - 3*f. Suppose 4*a - 40 = -a. Suppose -a*j + u = -4*j. What are the prime factors of j?
2
Suppose 2*h - 3*h + 48 = 0. Suppose q + h = 4*q. What are the prime factors of q?
2
Let n = 9 + -4. Suppose -q - 30 = -3*q + 2*s, -33 = -q - n*s. List the prime factors of q.
2, 3
Let s = -39 + 24. Let t = -3 - s. List the prime factors of t.
2, 3
Let z be 8/14 + 4/(-7). Suppose -p + 10 + 5 = -2*v, 4*v = -20. Suppose z*d + 50 = p*d. What are the prime factors of d?
2, 5
Let q(v) = 2*v**2 + 4*v. Let y be q(-2). Suppose 5*o + 9 = j - y*j, 27 = 3*j + 2*o. List the prime factors of j.
3
Let f be 1 + 0 + -1 - -34. Suppose 4*x - 26 - f = 0. What are the prime factors of x?
3, 5
Let a = -23 + 32. Suppose 2*u = -f + a, 21 = -0*u + 5*u + 3*f. Let v(x) = 2*x - 1. List the prime factors of v(u).
11
Let y = -53 - -125. List the prime factors of y.
2, 3
Let s(l) = 13*l**2 + l - 8. List the prime factors of s(-3).
2, 53
Let r(z) = z - 3. Let s be r(8). Suppose w = -s*c + 3*w + 101, c = -5*w + 4. What are the prime factors of c?
19
Suppose 3*y + 4*z + 3 = 0, -4*y + z + 0 = -15. Suppose -58 = -2*j + 38. Suppose -y*f - f = -j. What are the prime factors of f?
2, 3
Let x(d) = d**3 - 4*d**2 - 2*d + 4. Let r be x(6). Suppose -3*o = -4*s + 64, -4*s + 3*o = 2*o - r. What are the prime factors of s?
2
Suppose 5*t = 7*t - 148. What are the prime factors of t?
2, 37
Let f(y) = -y**3 + 5*y**2 + 3*y + 1. Let d(v) = 2*v - 2. Let t be d(4). Let h be f(t). Let z = h - -27. What are the prime factors of z?
2, 5
Let v(l) = -l**3 - 8*l**2 - 2*l + 4. Let u be (8/3)/((-3)/9). List the prime factors of v(u).
2, 5
Let b(z) = z**3 - 6*z**2 + 2*z - 2. Let j be 3*5/((-15)/(-6)). Let o be b(j). Suppose -5*l - 2*m + 23 = 0, l = -m + 6*m + o. What are the prime factors of l?
5
Suppose 0 = 54*x - 55*x + 89. What are the prime factors of x?
89
Suppose -4*l = 660 - 72. List the prime factors of (-3)/(1 - (-156)/l).
7
What are the prime factors of -3*((-70)/15 + 3)?
5
Let b be 18/1 - (-3 - -3). Suppose -5*g - 2*c = -125, -4*g + c = -3*g - b. What are the prime factors of g?
23
Let v(g) = -g + 1. Let i be v(-5). Let w be ((-33)/2)/(i/(-16)). Suppose w = 5*s - 3*s - 4*y, -4*s + 28 = 4*y. What are the prime factors of s?
2, 3
Let q(u) be the second derivative of -11/2*u**2 + 2*u - 7/6*u**3 + 0 + 1/12*u**4. List the prime factors of q(9).
7
Suppose -3*i - 88 = -5*w - 12, 0 = -5*w - 4*i + 97. List the prime factors of w.
17
Suppose 2*x - 4*t + 4 = 0, 3*x + t - 6 = 2. Suppose -i + r + 1 = -9, -i = x*r - 7. List the prime factors of i.
3
Suppose -11 - 1 = -g. List the prime factors of g.
2, 3
Let i(n) = n**2 + 213. What are the prime factors of i(0)?
3, 71
Suppose 4 = c - 1. What are the prime factors of c?
5
Let b(p) = -p**2 - 7*p + 2. Let x be b(-7). Suppose -6*v = -x*v - 80. What are the prime factors of v?
2, 5
Let p = -159 - -95. Let t = -39 - p. What are the prime factors of t?
5
Let i = -800 - -1125. List the prime factors of i.
5, 13
Let v(c) = c**3 + 8*c**2 + 7*c + 3. Let m be v(-7). Suppose 0 = -2*s - 6, 0*j + 5*j - 1 = -m*s. List the prime factors of j.
2
Suppose -f = -3*v + 12, v - 24 = -2*v - 3*f. What are the prime factors of (v - 11)/(6/(-4))?
2
Let j = -51 - -30. Let q = j - -33. List the prime factors of q.
2, 3
Let v be (-6)/(-10) + 2/5. Suppose c - 11 + v = 0. What are the prime factors of c?
2, 5
Suppose 5*i + 129 = 4*t, t - 4*i - 40 = -16. Suppose 0 = d - 3*d + 3*u + t, 3*u + 6 = 0. List the prime factors of d.
3, 5
Let r(n) = 9*n**2 + 3*n + 4. List the prime factors of r(-2).
2, 17
Suppose 3*q - 4*q + 1 = 0. Suppose 2 = a - q. List the prime factors of a.
3
Suppose -49 = -j + 23. List the prime factors of j.
2, 3
Let l = -8 + -1. Let p(a) = -a**3 - 9*a**2 + a + 10. Let n be p(l). What are the prime factors of 4 + n + 4/(-2)?
3
Let p = -1 - -5. Suppose -3*o = i - 11, -i + 1 = p*o - 12. Suppose -u - 5*r + 32 = i, 23 = u + 4*r. What are the prime factors of u?
7
Let n(z) = -9*z - 5. Let g be n(-9). Suppose -2*k = f - g, -k - 4*f = -19 - 5. List the prime factors of k.
2, 5
Suppose 5*h - 6 = 5*b + 4, 5*h - 10 = -4*b. Suppose 6*j - 6 = 3*j, 2*x + j - 4 = b. Suppose x = 